{"id":3614,"date":"2024-11-12T21:42:14","date_gmt":"2024-11-12T21:42:14","guid":{"rendered":"https:\/\/claravisao.com.br\/new\/?page_id=3614"},"modified":"2024-11-13T20:29:52","modified_gmt":"2024-11-13T20:29:52","slug":"convenios","status":"publish","type":"page","link":"https:\/\/claravisao.com.br\/new\/index.php\/convenios\/","title":{"rendered":"Conv\u00eanios"},"content":{"rendered":"<p>[vc_row][vc_column][vc_column_text]<\/p>\n<p class=\"has-primary-accent-color has-text-color has-link-color wp-elements-c057f317754c71d0109d2aa45a378293\">A \u00d3tica Clara Vis\u00e3o mant\u00e9m conv\u00eanio com diversas empresas, oferecendo a seus colaboradores, v\u00e1rios benef\u00edcios, em especial os descontos \u00e0 vista ou parcelado.<\/p>\n\n\n<p class=\"has-labels-color has-text-color has-link-color has-larger-font-size wp-elements-f1eb75ae03ae6a315fec558fcc88c2f0\"><strong>Nossos descontos<\/strong><\/p>\n\n\n<p class=\"has-primary-accent-color has-text-color has-link-color wp-elements-da9559ac08fa10036efbdbf366e4f8be\">\u00c0 vista: at\u00e9 15%<\/p>\n\n\n<p class=\"has-primary-accent-color has-text-color has-link-color wp-elements-3c2ff0902e28e03f64d3827c10b930b1\">Parcelado: at\u00e9 5%<\/p>\n\n\n<h2 class=\"wp-block-heading has-larger-font-size\">Empresas conveniadas<\/h2>\n\n\n<ul class=\"wp-block-list\"><\/p>\n<li>Arauco<\/li>\n\n\n<li>Arotubi<\/li>\n\n\n<li>Artesian<\/li>\n\n\n<li>Artis Matriz<\/li>\n\n\n<li>Blount<\/li>\n\n\n<li>Braffeman<\/li>\n\n\n<li>Caterpillar<\/li>\n\n\n<li>CAW<\/li>\n\n\n<li>Cenaic<\/li>\n\n\n<li>Charlote P\u00e3es<\/li>\n\n\n<li>Cl\u00ednica Sagrada Fam\u00edlia<\/li>\n\n\n<li>Cocel<\/li>\n\n\n<li>Construredes<\/li>\n\n\n<li>Contourglobal<\/li>\n\n\n<li>Delta Containers<\/li>\n\n\n<li>Elemec<\/li>\n\n\n<li>Eletropolar<\/li>\n\n\n<li>Empresa de \u00d4nibus Campo Largo<\/li>\n\n\n<li>Enerbras<\/li>\n\n\n<li>Energiworks<\/li>\n\n\n<li>Famiglia Zanlorenzi<\/li>\n\n\n<li>FM<\/li>\n<p><\/ul>\n\n\n<p>[\/vc_column_text][\/vc_column][\/vc_row]<\/p>\n","protected":false},"excerpt":{"rendered":"<p>[vc_row][vc_column][vc_column_text] A \u00d3tica Clara Vis\u00e3o mant\u00e9m conv\u00eanio com diversas empresas, oferecendo a seus colaboradores, v\u00e1rios benef\u00edcios, em especial os descontos \u00e0 vista ou parcelado. Nossos descontos \u00c0 vista: at\u00e9 15% Parcelado: at\u00e9 5% Empresas conveniadas [\/vc_column_text][\/vc_column][\/vc_row]<\/p>\n","protected":false},"author":1,"featured_media":26,"parent":0,"menu_order":0,"comment_status":"closed","ping_status":"closed","template":"","meta":{"footnotes":""},"class_list":["post-3614","page","type-page","status-publish","has-post-thumbnail","hentry"],"_links":{"self":[{"href":"https:\/\/claravisao.com.br\/new\/index.php\/wp-json\/wp\/v2\/pages\/3614","targetHints":{"allow":["GET"]}}],"collection":[{"href":"https:\/\/claravisao.com.br\/new\/index.php\/wp-json\/wp\/v2\/pages"}],"about":[{"href":"https:\/\/claravisao.com.br\/new\/index.php\/wp-json\/wp\/v2\/types\/page"}],"author":[{"embeddable":true,"href":"https:\/\/claravisao.com.br\/new\/index.php\/wp-json\/wp\/v2\/users\/1"}],"replies":[{"embeddable":true,"href":"https:\/\/claravisao.com.br\/new\/index.php\/wp-json\/wp\/v2\/comments?post=3614"}],"version-history":[{"count":2,"href":"https:\/\/claravisao.com.br\/new\/index.php\/wp-json\/wp\/v2\/pages\/3614\/revisions"}],"predecessor-version":[{"id":3616,"href":"https:\/\/claravisao.com.br\/new\/index.php\/wp-json\/wp\/v2\/pages\/3614\/revisions\/3616"}],"wp:featuredmedia":[{"embeddable":true,"href":"https:\/\/claravisao.com.br\/new\/index.php\/wp-json\/wp\/v2\/media\/26"}],"wp:attachment":[{"href":"https:\/\/claravisao.com.br\/new\/index.php\/wp-json\/wp\/v2\/media?parent=3614"}],"curies":[{"name":"wp","href":"https:\/\/api.w.org\/{rel}","templated":true}]}}