{"id":3212,"date":"2019-09-05T14:07:03","date_gmt":"2019-09-05T14:07:03","guid":{"rendered":"https:\/\/codeless.co\/regn\/store\/?page_id=7"},"modified":"2026-01-23T20:42:13","modified_gmt":"2026-01-23T20:42:13","slug":"home","status":"publish","type":"page","link":"https:\/\/claravisao.com.br\/new\/","title":{"rendered":"Home"},"content":{"rendered":"<p>[vc_row full_width=&#8221;stretch_row_content_no_spaces&#8221;][vc_column]\n\t\t\t<!-- START Slider 2 REVOLUTION SLIDER 6.4.8 --><p class=\"rs-p-wp-fix\"><\/p>\n\t\t\t<rs-module-wrap id=\"rev_slider_4_1_wrapper\" data-source=\"gallery\" style=\"background:transparent;padding:0;margin:0px auto;margin-top:0;margin-bottom:0;\">\n\t\t\t\t<rs-module id=\"rev_slider_4_1\" style=\"\" data-version=\"6.4.8\">\n\t\t\t\t\t<rs-slides>\n\t\t\t\t\t\t<rs-slide data-key=\"rs-7\" data-title=\"Slide\" data-in=\"o:0;\" data-out=\"a:false;\">\n\t\t\t\t\t\t\t<img decoding=\"async\" src=\"\/\/claravisao.com.br\/new\/wp-content\/plugins\/revslider\/public\/assets\/assets\/transparent.png\" alt=\"Slide\" title=\"Home\" class=\"rev-slidebg tp-rs-img\" data-no-retina>\n<!--\n\t\t\t\t\t\t\t--><rs-layer\n\t\t\t\t\t\t\t\tid=\"slider-4-slide-7-layer-0\" \n\t\t\t\t\t\t\t\tdata-type=\"image\"\n\t\t\t\t\t\t\t\tdata-rsp_ch=\"on\"\n\t\t\t\t\t\t\t\tdata-xy=\"xo:-28px,-68px,-491px,-420px;yo:-2px,-4px,0,-3px;\"\n\t\t\t\t\t\t\t\tdata-text=\"w:normal;s:20,16,12,7;l:0,20,15,9;\"\n\t\t\t\t\t\t\t\tdata-dim=\"w:1284px,1099px,1360px,1122px;h:604px,517px,640px,528px;\"\n\t\t\t\t\t\t\t\tdata-frame_999=\"o:0;st:w;sR:8700;\"\n\t\t\t\t\t\t\t\tstyle=\"z-index:8;\"\n\t\t\t\t\t\t\t><img loading=\"lazy\" decoding=\"async\" src=\"\/\/claravisao.com.br\/new\/wp-content\/uploads\/2021\/06\/slide-01.jpg\" class=\"tp-rs-img\" width=\"1700\" height=\"800\" data-no-retina> \n\t\t\t\t\t\t\t<\/rs-layer><!--\n\n\t\t\t\t\t\t\t--><rs-layer\n\t\t\t\t\t\t\t\tid=\"slider-4-slide-7-layer-1\" \n\t\t\t\t\t\t\t\tdata-type=\"text\"\n\t\t\t\t\t\t\t\tdata-color=\"#fff\"\n\t\t\t\t\t\t\t\tdata-tsh=\"c:rgba(0,0,0,0.75);h:5px,4px,3px,1px;b:10px,8px,6px,3px;\"\n\t\t\t\t\t\t\t\tdata-rsp_ch=\"on\"\n\t\t\t\t\t\t\t\tdata-xy=\"xo:228px,162px,188px,87px;yo:286px,232px,478px,367px;\"\n\t\t\t\t\t\t\t\tdata-text=\"w:normal;s:45,37,42,33;l:69,56,63,50;ls:7,5,5,2;a:left,left,center,center;\"\n\t\t\t\t\t\t\t\tdata-dim=\"minh:0,none,none,none;\"\n\t\t\t\t\t\t\t\tdata-frame_0=\"x:218px,180px,136px,83px;y:56px,46px,34px,20px;\"\n\t\t\t\t\t\t\t\tdata-frame_1=\"e:power4.inOut;sp:1000;\"\n\t\t\t\t\t\t\t\tdata-frame_999=\"o:0;e:power4.inOut;st:8900;sp:1000;sR:7900;\"\n\t\t\t\t\t\t\t\tstyle=\"z-index:9;font-family:Open Sans;text-transform:uppercase;\"\n\t\t\t\t\t\t\t>Para ver o<br \/>\nmundo melhor \n\t\t\t\t\t\t\t<\/rs-layer><!--\n-->\t\t\t\t\t\t<\/rs-slide>\n\t\t\t\t\t\t<rs-slide data-key=\"rs-8\" data-title=\"Slide\" data-in=\"o:0;\" data-out=\"a:false;\">\n\t\t\t\t\t\t\t<img decoding=\"async\" src=\"\/\/claravisao.com.br\/new\/wp-content\/plugins\/revslider\/public\/assets\/assets\/transparent.png\" alt=\"Slide\" title=\"Home\" class=\"rev-slidebg tp-rs-img\" data-no-retina>\n<!--\n\t\t\t\t\t\t\t--><rs-layer\n\t\t\t\t\t\t\t\tid=\"slider-4-slide-8-layer-2\" \n\t\t\t\t\t\t\t\tdata-type=\"image\"\n\t\t\t\t\t\t\t\tdata-rsp_ch=\"on\"\n\t\t\t\t\t\t\t\tdata-xy=\"xo:-38px,-45px,-266px,-254px;yo:-6px,-4px,-7px,-6px;\"\n\t\t\t\t\t\t\t\tdata-text=\"w:normal;s:20,16,12,7;l:0,20,15,9;\"\n\t\t\t\t\t\t\t\tdata-dim=\"w:1288px,1099px,1373px,1037px;h:606px,517px,646px,488px;\"\n\t\t\t\t\t\t\t\tdata-frame_999=\"o:0;st:w;sR:8700;\"\n\t\t\t\t\t\t\t\tstyle=\"z-index:5;\"\n\t\t\t\t\t\t\t><img loading=\"lazy\" decoding=\"async\" src=\"\/\/claravisao.com.br\/new\/wp-content\/uploads\/2023\/10\/slide-02.jpg\" class=\"tp-rs-img\" width=\"1700\" height=\"800\" data-no-retina> \n\t\t\t\t\t\t\t<\/rs-layer><!--\n\n\t\t\t\t\t\t\t--><rs-layer\n\t\t\t\t\t\t\t\tid=\"slider-4-slide-8-layer-3\" \n\t\t\t\t\t\t\t\tdata-type=\"text\"\n\t\t\t\t\t\t\t\tdata-color=\"#000000\"\n\t\t\t\t\t\t\t\tdata-rsp_ch=\"on\"\n\t\t\t\t\t\t\t\tdata-xy=\"xo:346px,289px,155px,60px;yo:533px,458px,576px,433px;\"\n\t\t\t\t\t\t\t\tdata-text=\"w:normal;s:44,36,41,32;l:55,45,52,41;ls:2,1,0,0;a:center;\"\n\t\t\t\t\t\t\t\tdata-dim=\"minh:0,none,none,none;\"\n\t\t\t\t\t\t\t\tdata-frame_1=\"sp:1000;\"\n\t\t\t\t\t\t\t\tdata-frame_999=\"o:0;st:w;sR:8000;\"\n\t\t\t\t\t\t\t\tstyle=\"z-index:6;font-family:Open Sans;text-transform:uppercase;\"\n\t\t\t\t\t\t\t>Localiza\u00e7\u00e3o Central \n\t\t\t\t\t\t\t<\/rs-layer><!--\n-->\t\t\t\t\t\t<\/rs-slide>\n\t\t\t\t\t\t<rs-slide data-key=\"rs-9\" data-title=\"Slide\" data-in=\"o:0;\" data-out=\"a:false;\">\n\t\t\t\t\t\t\t<img decoding=\"async\" src=\"\/\/claravisao.com.br\/new\/wp-content\/plugins\/revslider\/public\/assets\/assets\/transparent.png\" alt=\"Slide\" title=\"Home\" class=\"rev-slidebg tp-rs-img\" data-no-retina>\n<!--\n\t\t\t\t\t\t\t--><rs-layer\n\t\t\t\t\t\t\t\tid=\"slider-4-slide-9-layer-4\" \n\t\t\t\t\t\t\t\tdata-type=\"image\"\n\t\t\t\t\t\t\t\tdata-rsp_ch=\"on\"\n\t\t\t\t\t\t\t\tdata-xy=\"xo:-6px,-4px,-95px,-214px;yo:-4px,-9px,-6px,-3px;\"\n\t\t\t\t\t\t\t\tdata-text=\"w:normal;s:20,16,12,7;l:0,20,15,9;\"\n\t\t\t\t\t\t\t\tdata-dim=\"w:1250px,1032px,970px,925px;h:834px,688px,647px,617px;\"\n\t\t\t\t\t\t\t\tdata-frame_999=\"o:0;st:w;sR:8700;\"\n\t\t\t\t\t\t\t\tstyle=\"z-index:5;\"\n\t\t\t\t\t\t\t><img loading=\"lazy\" decoding=\"async\" src=\"\/\/claravisao.com.br\/new\/wp-content\/uploads\/2021\/07\/laboratorio-capa-2048x1366-1.jpg\" class=\"tp-rs-img\" width=\"2048\" height=\"1366\" data-no-retina> \n\t\t\t\t\t\t\t<\/rs-layer><!--\n\n\t\t\t\t\t\t\t--><rs-layer\n\t\t\t\t\t\t\t\tid=\"slider-4-slide-9-layer-5\" \n\t\t\t\t\t\t\t\tdata-type=\"text\"\n\t\t\t\t\t\t\t\tdata-color=\"#000000\"\n\t\t\t\t\t\t\t\tdata-rsp_ch=\"on\"\n\t\t\t\t\t\t\t\tdata-xy=\"xo:279px,230px,175px,59px;yo:283px,233px,137px,128px;\"\n\t\t\t\t\t\t\t\tdata-text=\"w:normal;s:62,51,44,41;l:77,63,55,50;ls:3,2,1,0;fw:300;\"\n\t\t\t\t\t\t\t\tdata-dim=\"minh:0,none,none,none;\"\n\t\t\t\t\t\t\t\tdata-frame_1=\"sp:1000;\"\n\t\t\t\t\t\t\t\tdata-frame_999=\"o:0;st:w;sR:8000;\"\n\t\t\t\t\t\t\t\tstyle=\"z-index:6;font-family:Open Sans;text-transform:uppercase;\"\n\t\t\t\t\t\t\t>Laborat\u00f3rio<br \/>\nPr\u00f3prio \n\t\t\t\t\t\t\t<\/rs-layer><!--\n-->\t\t\t\t\t\t<\/rs-slide>\n\t\t\t\t\t<\/rs-slides>\n\t\t\t\t<\/rs-module>\n\t\t\t\t<script type=\"text\/javascript\">\n\t\t\t\t\tsetREVStartSize({c: 'rev_slider_4_1',rl:[1240,1024,778,480],el:[600,512,640,480],gw:[1240,1024,778,480],gh:[600,512,640,480],type:'standard',justify:'',layout:'fullwidth',mh:\"0\"});\n\t\t\t\t\tvar\trevapi4,\n\t\t\t\t\t\ttpj;\n\t\t\t\t\tfunction revinit_revslider41() {\n\t\t\t\t\tjQuery(function() {\n\t\t\t\t\t\ttpj = jQuery;\n\t\t\t\t\t\trevapi4 = tpj(\"#rev_slider_4_1\");\n\t\t\t\t\t\tif(revapi4==undefined || revapi4.revolution == undefined){\n\t\t\t\t\t\t\trevslider_showDoubleJqueryError(\"rev_slider_4_1\");\n\t\t\t\t\t\t}else{\n\t\t\t\t\t\t\trevapi4.revolution({\n\t\t\t\t\t\t\t\tDPR:\"dpr\",\n\t\t\t\t\t\t\t\tvisibilityLevels:\"1240,1024,778,480\",\n\t\t\t\t\t\t\t\tgridwidth:\"1240,1024,778,480\",\n\t\t\t\t\t\t\t\tgridheight:\"600,512,640,480\",\n\t\t\t\t\t\t\t\tperspective:600,\n\t\t\t\t\t\t\t\tperspectiveType:\"global\",\n\t\t\t\t\t\t\t\teditorheight:\"600,512,640,480\",\n\t\t\t\t\t\t\t\tresponsiveLevels:\"1240,1024,778,480\",\n\t\t\t\t\t\t\t\tprogressBar:{disableProgressBar:true},\n\t\t\t\t\t\t\t\tnavigation: {\n\t\t\t\t\t\t\t\t\tonHoverStop:false\n\t\t\t\t\t\t\t\t},\n\t\t\t\t\t\t\t\tfallbacks: {\n\t\t\t\t\t\t\t\t\tallowHTML5AutoPlayOnAndroid:true\n\t\t\t\t\t\t\t\t},\n\t\t\t\t\t\t\t});\n\t\t\t\t\t\t}\n\t\t\t\t\t\t\n\t\t\t\t\t});\n\t\t\t\t\t} \/\/ End of RevInitScript\n\t\t\t\tvar once_revslider41 = false;\n\t\t\t\tif (document.readyState === \"loading\") {document.addEventListener('readystatechange',function() { if((document.readyState === \"interactive\" || document.readyState === \"complete\") && !once_revslider41 ) { once_revslider41 = true; revinit_revslider41();}});} else {once_revslider41 = true; revinit_revslider41();}\n\t\t\t\t<\/script>\n\t\t\t<\/rs-module-wrap>\n\t\t\t<!-- END REVOLUTION SLIDER -->\n[\/vc_column][\/vc_row][vc_row][vc_column][vc_custom_heading text=&#8221;H\u00c1 25 ANOS, A MAIOR E MAIS COMPLETA \u00d3TICA DA CIDADE.<br \/>\nVenha conhecer!&#8221; font_container=&#8221;tag:h1|font_size:35|text_align:center|color:%23919191&#8243; css_animation=&#8221;appear&#8221; css=&#8221;.vc_custom_1746825278010{padding-top: 0px !important;}&#8221;][vc_column_text]<\/p>\n<p style=\"text-align: center;\">:: Localiza\u00e7\u00e3o Central :: Laborat\u00f3rio Pr\u00f3prio :: Medi\u00e7\u00e3o digital :: Espa\u00e7o Amplo ::<\/p>\n<p>[\/vc_column_text][\/vc_column][\/vc_row][vc_row][vc_column width=&#8221;1\/2&#8243;][vc_custom_heading text=&#8221;Localiza\u00e7\u00e3o Central&#8221; font_container=&#8221;tag:h2|font_size:20|text_align:left&#8221;][vc_column_text]Localiza\u00e7\u00e3o central, \u00e0 poucos passos da pra\u00e7a da Igreja Matriz, ao lado do Banco Ita\u00fa, com f\u00e1cil acesso de qualquer ponto da cidade. Conta ainda com um amplo espa\u00e7o interno para um atendimento profissional.<\/p>\n<p>&nbsp;<\/p>\n<p>Necessitando fazer ou revisar seus \u00f3culos, fale conosco. Estamos a sua disposi\u00e7\u00e3o e aqui voc\u00ea ter\u00e1 um atendimento profissional de modo a oferecer o que h\u00e1 de melhor no ramo \u00f3ptico.[\/vc_column_text][\/vc_column][vc_column width=&#8221;1\/2&#8243;][vc_single_image image=&#8221;3591&#8243;][\/vc_column][\/vc_row][vc_row][vc_column width=&#8221;1\/2&#8243;][vc_single_image image=&#8221;3627&#8243;][\/vc_column][vc_column width=&#8221;1\/2&#8243;][vc_custom_heading text=&#8221;Medi\u00e7\u00e3o digital&#8221; font_container=&#8221;tag:h2|font_size:20|text_align:left&#8221;][vc_column_text]Cada pessoa tem medidas \u00fanicas e que devem ser colhidas de forma a uma perfeita adapta\u00e7\u00e3o dos \u00f3culos ao rosto.<\/p>\n<p>&nbsp;<\/p>\n<p>Venha conhecer nosso equipamento de alta tecnologia que oferece uma melhor qualidade, precis\u00e3o e confiabilidade na tomada das medidas do cliente.[\/vc_column_text][\/vc_column][\/vc_row][vc_row][vc_column width=&#8221;1\/2&#8243;][vc_custom_heading text=&#8221;Laborat\u00f3rio Pr\u00f3prio&#8221; font_container=&#8221;tag:h2|font_size:20|text_align:left&#8221;][vc_column_text]Somos a \u00fanica \u00f3tica da cidade a contar com um laborat\u00f3rio no interior da loja, o que permite uma maior agilidade na montagem dos \u00f3culos, adapta\u00e7\u00f5es de lentes e outros servi\u00e7os. O laborat\u00f3rio ainda confecciona lentes de alguns tipos no pr\u00f3prio local, de modo a n\u00e3o necessitar de envio para laborat\u00f3rios externos.<\/p>\n<p>&nbsp;<\/p>\n<p>Fa\u00e7a-nos uma visita e, se desejar, pode conhecer este nosso diferencial.[\/vc_column_text][\/vc_column][vc_column width=&#8221;1\/2&#8243;][vc_single_image image=&#8221;3593&#8243;][\/vc_column][\/vc_row][vc_row][vc_column width=&#8221;1\/2&#8243;][vc_single_image image=&#8221;3502&#8243;][\/vc_column][vc_column width=&#8221;1\/2&#8243;][vc_custom_heading text=&#8221;Profissionais Especializados&#8221; font_container=&#8221;tag:h2|font_size:20|text_align:left&#8221;][vc_column_text]Atendimento profissional feito com carinho e dedica\u00e7\u00e3o ao cliente.<\/p>\n<p>Nossos profissionais est\u00e3o em constante treinamento visando excel\u00eancia no atendimento, sempre em busca da completa satisfa\u00e7\u00e3o de nossos clientes, nosso maior patrim\u00f4nio.[\/vc_column_text][\/vc_column][\/vc_row][vc_row][vc_column][vc_images_carousel images=&#8221;3272,3271,3262,3259,3267,3274,3278,3277,3275,3265,3270,3264,3263,3261,3260,3298,3297,3279,3268,3273,3276,3266,3269,3299&#8243; img_size=&#8221;1000 x 170&#8243; onclick=&#8221;link_no&#8221; speed=&#8221;1500&#8243; slides_per_view=&#8221;5&#8243; autoplay=&#8221;yes&#8221; hide_pagination_control=&#8221;yes&#8221; hide_prev_next_buttons=&#8221;yes&#8221; wrap=&#8221;yes&#8221; css_animation=&#8221;fadeIn&#8221;][\/vc_column][vc_column][\/vc_column][vc_column][\/vc_column][vc_column][\/vc_column][vc_column][\/vc_column][\/vc_row][vc_row][vc_column][\/vc_column][vc_column][\/vc_column][vc_column][\/vc_column][vc_column][\/vc_column][\/vc_row][vc_row][vc_column width=&#8221;1\/2&#8243; offset=&#8221;vc_col-lg-3 vc_col-md-3&#8243;][vc_custom_heading text=&#8221;Produtos&#8221; font_container=&#8221;tag:h5|text_align:left|color:%23000000&#8243; css=&#8221;.vc_custom_1629320847433{margin-bottom: 25px !important;}&#8221;][cl_list][cl_list_item]<a href=\"https:\/\/claravisao.com.br\/new\/index.php\/portfolio\/armacoes-receituario\/\">Arma\u00e7\u00f5es Receitu\u00e1rio<\/a>[\/cl_list_item][cl_list_item]<a href=\"https:\/\/claravisao.com.br\/new\/index.php\/portfolio\/oculos-de-sol\/\">\u00d3culos de Sol<\/a>[\/cl_list_item][cl_list_item]<a href=\"https:\/\/claravisao.com.br\/new\/index.php\/portfolio\/oculos-de-seguranca\/\">\u00d3culos de Seguran\u00e7a<\/a>[\/cl_list_item][cl_list_item]<a href=\"https:\/\/claravisao.com.br\/new\/index.php\/portfolio\/lentes-oftalmicas\/\">Lentes Oft\u00e1lmicas<\/a>[\/cl_list_item][cl_list_item]<a href=\"https:\/\/claravisao.com.br\/new\/index.php\/portfolio\/lentes-de-contato\/\">Lentes de Contato<\/a>[\/cl_list_item][cl_list_item]<a href=\"https:\/\/claravisao.com.br\/new\/index.php\/portfolio\/acessorios\/\">Acess\u00f3rios<\/a>[\/cl_list_item][\/cl_list][\/vc_column][vc_column width=&#8221;1\/2&#8243; offset=&#8221;vc_col-lg-3 vc_col-md-3&#8243;][vc_custom_heading text=&#8221;Servi\u00e7os&#8221; font_container=&#8221;tag:h5|text_align:left|color:%23000000&#8243; css=&#8221;.vc_custom_1629320861131{margin-bottom: 25px !important;}&#8221;][cl_list][cl_list_item]<a href=\"https:\/\/claravisao.com.br\/new\/index.php\/portfolio\/manutencao-periodica\/\">Manuten\u00e7\u00e3o Peri\u00f3dica<\/a>[\/cl_list_item][cl_list_item]<a href=\"https:\/\/claravisao.com.br\/new\/index.php\/portfolio\/agendamento-oftalmologico\/\">Agendamento Oftalmol\u00f3gico<\/a>[\/cl_list_item][cl_list_item]<a href=\"https:\/\/claravisao.com.br\/new\/index.php\/portfolio\/convenios\/\">Conv\u00eanios<\/a>[\/cl_list_item][cl_list_item]<a href=\"https:\/\/claravisao.com.br\/new\/index.php\/portfolio\/atendimento-a-empresas\/\">Atendimento a Empresas<\/a>[\/cl_list_item][cl_list_item]Atendimento em Domic\u00edlio[\/cl_list_item][cl_list_item]<a href=\"https:\/\/claravisao.com.br\/new\/index.php\/laboratorio\/\">Laborat\u00f3rio<\/a>[\/cl_list_item][\/cl_list][\/vc_column][vc_column offset=&#8221;vc_col-lg-6 vc_col-md-6&#8243;][vc_custom_heading text=&#8221;Sobre nossa loja&#8221; font_container=&#8221;tag:h5|text_align:left|color:%23000000&#8243; css=&#8221;.vc_custom_1623352252263{margin-bottom: 30px !important;}&#8221;][vc_column_text]<img loading=\"lazy\" decoding=\"async\" class=\"wp-image-3594 size-full alignleft\" src=\"https:\/\/claravisao.com.br\/new\/wp-content\/uploads\/2024\/09\/interna-cv_ini.jpg\" alt=\"\" width=\"170\" height=\"192\" \/>Somos a maior e mais completa \u00f3tica da cidade. Contamos com espa\u00e7o amplo, localiza\u00e7\u00e3o central, medi\u00e7\u00e3o digital e laborat\u00f3rio pr\u00f3prio.<\/p>\n<p>Venha conhecer![\/vc_column_text][\/vc_column][\/vc_row]<\/p>\n","protected":false},"excerpt":{"rendered":"<p>[vc_row full_width=&#8221;stretch_row_content_no_spaces&#8221;][vc_column][\/vc_column][\/vc_row][vc_row][vc_column][vc_custom_heading text=&#8221;H\u00c1 25 ANOS, A MAIOR E MAIS COMPLETA \u00d3TICA DA CIDADE. Venha conhecer!&#8221; font_container=&#8221;tag:h1|font_size:35|text_align:center|color:%23919191&#8243; css_animation=&#8221;appear&#8221; css=&#8221;.vc_custom_1746825278010{padding-top: 0px !important;}&#8221;][vc_column_text] :: Localiza\u00e7\u00e3o Central :: Laborat\u00f3rio Pr\u00f3prio :: Medi\u00e7\u00e3o digital :: Espa\u00e7o Amplo :: [\/vc_column_text][\/vc_column][\/vc_row][vc_row][vc_column width=&#8221;1\/2&#8243;][vc_custom_heading text=&#8221;Localiza\u00e7\u00e3o Central&#8221; font_container=&#8221;tag:h2|font_size:20|text_align:left&#8221;][vc_column_text]Localiza\u00e7\u00e3o central, \u00e0 [&hellip;]<\/p>\n","protected":false},"author":1,"featured_media":0,"parent":0,"menu_order":0,"comment_status":"closed","ping_status":"closed","template":"","meta":{"footnotes":""},"class_list":["post-3212","page","type-page","status-publish","hentry"],"_links":{"self":[{"href":"https:\/\/claravisao.com.br\/new\/index.php\/wp-json\/wp\/v2\/pages\/3212","targetHints":{"allow":["GET"]}}],"collection":[{"href":"https:\/\/claravisao.com.br\/new\/index.php\/wp-json\/wp\/v2\/pages"}],"about":[{"href":"https:\/\/claravisao.com.br\/new\/index.php\/wp-json\/wp\/v2\/types\/page"}],"author":[{"embeddable":true,"href":"https:\/\/claravisao.com.br\/new\/index.php\/wp-json\/wp\/v2\/users\/1"}],"replies":[{"embeddable":true,"href":"https:\/\/claravisao.com.br\/new\/index.php\/wp-json\/wp\/v2\/comments?post=3212"}],"version-history":[{"count":67,"href":"https:\/\/claravisao.com.br\/new\/index.php\/wp-json\/wp\/v2\/pages\/3212\/revisions"}],"predecessor-version":[{"id":3628,"href":"https:\/\/claravisao.com.br\/new\/index.php\/wp-json\/wp\/v2\/pages\/3212\/revisions\/3628"}],"wp:attachment":[{"href":"https:\/\/claravisao.com.br\/new\/index.php\/wp-json\/wp\/v2\/media?parent=3212"}],"curies":[{"name":"wp","href":"https:\/\/api.w.org\/{rel}","templated":true}]}}